m**4/4 - m**3 - 14*m**2. Give i(h).
-1
Suppose -5*z = 3*u - 81, -4*u + u + 36 = 2*z. Let r(h) = h**2 + 13*h - 1 - z*h + 4 + 0. Give r(2).
3
Let w(c) = c**3 - 1 - 1 + 9 + c**2 + 14*c - 7*c. Let x(i) = -i**2 - 8*i - 8. Let s(q) = 7*w(q) + 6*x(q). Calculate s(-1).
-6
Let c(v) = v**2 - 3. Suppose 2 = -0*u + u. Suppose -a + 3 = -u*a. Let s(l) = -l. Let t be s(a). Determine c(t).
6
Let b be 2/10 - 18/15 - -2. Suppose -4*x = -11 - 9. Let k = x - b. Let g(z) = z**2 - 2*z - 5. Calculate g(k).
3
Let b(l) = -2*l - 7. Suppose 24 = -2*w - 2*w. What is b(w)?
5
Let i(m) = m - 3. Let c be i(4). Let z(g) = -1 - 7*g**2 + 2*g - 6*g**2 + 0*g**2 + 10*g**2 + 0. What is z(c)?
-2
Suppose -y = 2*y - 21. Suppose y*p - 5 = 2*p. Let c(w) be the third derivative of -w**4/8 + 2*w**2. What is c(p)?
-3
Let o(s) = -s**3 - 5*s**2 - 7*s + 1. Let k(g) = -g - 9. Let c be k(-6). Let l be o(c). Let i(u) = u - 1. Give i(l).
3
Suppose 0 = 2*s + 5 + 3. Let z(b) be the first derivative of -5*b - 1 - 2/3*b**3 - 3*b**2. Give z(s).
-13
Let r(t) = 7*t**3 - t**2 + 1. Let x be r(-1). Let c(u) = -5 + 6*u - 3*u + 6*u + u**2 + 13. Calculate c(x).
-6
Let o(j) be the third derivative of -j**5/30 + j**3/6 - 14*j**2. What is o(2)?
-7
Let v be 4 + (-5)/(15/12) + 1. Let j(p) = 12*p**3 + 2*p**2 - 2*p + 1. Calculate j(v).
13
Let p(c) = c**2 - 4*c + 4. Let v be p(3). Let u be v + 2 + -2 + -1. Let b(x) = 6 - x + u*x**2 + 2*x**2 - x**2. What is b(0)?
6
Let f be 6/(-1)*(-8)/6. Suppose -3*k + f = k. Let z(i) = -i + 1. Let s(q) = -q**2 + 5*q - 8. Let m(l) = -s(l) - 6*z(l). Calculate m(k).
8
Let h = -9 + 13. Let m(r) = r - h*r + 2 + r + r. Give m(0).
2
Suppose 0 = m + m - 8. Suppose -2*s + m*s - 5*k = -4, -5*s + 25 = 5*k. Let j(d) = 4*d + 12 + 0*d - s*d. Calculate j(-6).
6
Suppose -2*o + 4*o = -4*k + 30, 4*o + 5*k = 45. Suppose 0 = a + 2*a - 3. Let t(d) = -d**2 + a + 0*d**2 + 2*d - 2*d + 5*d. Determine t(o).
1
Let m(x) = x**3 + x**2 - 4*x + 1. Let i = 9 + -4. Let l be (-6)/(-15) + (-17)/i. What is m(l)?
-5
Let l(n) = 2*n + 2. Let d be -2 + (1 + -2)*4. Let u be (-2)/3*(-18)/d. What is l(u)?
-2
Let v be (-1)/(-1 + 12/9). Let l be 1/v - 7/(-3). Let o be ((-12)/3 + l)/(-2). Let g(h) = -h + 2. Determine g(o).
1
Let c(h) = -h**3 + 5*h**2 - 3*h + 1. Suppose 5*i + 2*u = 18, -4*u = 4*i - 0*i - 12. Give c(i).
5
Suppose -20*v = -18*v. Let n(r) = 4*r. Let j(y) = 3*y - 1. Let s(u) = 3*j(u) - 2*n(u). What is s(v)?
-3
Let r be 4*-2*(-2)/(-4). Let q = r - 2. Let o(c) = c**2 + 5*c - 4. Give o(q).
2
Let b(t) = t - 2. Suppose 2*h = 9 - 3. Let i be b(h). Let l(f) be the third derivative of -f**4/12 - f**3/6 + f**2. Calculate l(i).
-3
Let b(z) = z**3 - 7*z**2 + 2*z + 2. Let s = -182 - -187. What is b(s)?
-38
Let q be 0*(1 - -2)/3. Suppose 0 = 2*o + 2*f - 8, -2*o = -5*f + 6 - q. Let u(g) = 5*g**3 - 6*g**3 + 2*g**o - 4 + g + 6. What is u(3)?
-4
Let j(z) = -2*z - 1. Let v be 4/(-12) - 26/(-6). Let l be (16/12)/v*3. Determine j(l).
-3
Let z(o) be the first derivative of -o**2/2 + 7. Suppose -5*y = -2*s + 19 - 2, 4*y = -12. Let d be (-2)/s + (0 - 0). Determine z(d).
2
Let c be -1 + 7 - 0/3. Let w = 9 - c. Let n(m) = -4*m + 3. Let j(x) = 4*x - 3. Let h(i) = -5*j(i) - 4*n(i). Calculate h(w).
-9
Let b(y) = y**2 + 4*y - 6. Let s be ((-6)/12)/(2/24 + 0). Calculate b(s).
6
Suppose q - 4 = -r, 4*r - q - 16 = q. Let h(d) = 5*d**3 - 5*d**2 - 3*d - 5. Let p(b) = 4*b**3 - 4*b**2 - 2*b - 4. Let o(v) = r*p(v) - 3*h(v). Give o(1).
0
Let u(k) = 13*k + 2 - 6*k - 7*k + 3*k. Give u(-2).
-4
Let d(w) = -3*w - 2. Let y be (4/(-3))/(2/(-3)). Let x be -1 + -1 + y + -2. Give d(x).
4
Let k(f) = 3*f**2 + 8. Let z(t) = -t + 1. Let r(o) = -k(o) + 4*z(o). Let c(u) = 13*u**2 + 16*u + 17. Let p(x) = -2*c(x) - 9*r(x). What is p(-3)?
-1
Suppose h + 2*w - 1 = 4, 3*h - w = 1. Let a be (-48)/10 - h/5. Let p(u) = -u**2 - 4*u + 2. What is p(a)?
-3
Let b be (8/(-60))/((-21)/5 - -1). Let d(j) be the third derivative of -1/3*j**3 + 0 + 0*j + b*j**4 + 4*j**2. What is d(-5)?
-7
Let h = 125 + -128. Let x(n) = -3*n**2 - 5*n - 4. What is x(h)?
-16
Let m(u) = u**3 - u**2 + 6. Let p be (-4)/14 - 10/14. Let g be 1/(p/18*2). Let r = 9 + g. Calculate m(r).
6
Let y(s) = s + 1. Let b be y(3). Let i(t) = t - 8. Give i(b).
-4
Let w(b) = b + 2. Let o(y) = -1. Let z(u) = 3*o(u) + w(u). Let a(v) = 4*v**2 - v**3 + 3*v**2 - 1 - 4*v - 2*v. Let d be a(6). Calculate z(d).
-2
Let x(i) = i + 2*i - 5*i + 8 + 3*i. Let b be x(-10). Let s(p) be the first derivative of p**4/2 + p**3 - p + 1. Calculate s(b).
-5
Let l(n) = -n**2. Let a(r) = 3*r**2 + 1. Suppose 0 = -4*g + 5*c + 9, 5*g - 4*c - 12 + 3 = 0. Let q(b) = g*a(b) - 4*l(b). What is q(1)?
8
Let x(i) = -3*i**2 - i + 2. Let d(u) = -u + 2. Let y be d(2). Suppose y = 3*m + 2 + 4. What is x(m)?
-8
Let x(l) = -l**2 - 5*l + 1. Let t(o) be the first derivative of -o**2/2 - 5*o + 3. Let d be t(0). What is x(d)?
1
Let z(d) = 4*d**2 + d. Let y be z(-1). Let t(a) = -3*a**2 - 8*a + a**2 + 7 + y*a**2. Calculate t(5).
-8
Let q = 0 - -4. Suppose -2*c = -2*j - 8, j - 4*c + 3 + q = 0. Let u(y) = -5*y**2 + 8*y - 4. Let h(g) = -4*g**2 + 7*g - 3. Let o(v) = j*u(v) + 4*h(v). Give o(5).
-5
Let a(r) = -4*r**2 - 4*r - 5. Let k(c) = c**2 + 1. Let z(b) = a(b) + 3*k(b). Let o = -14 + 10. What is z(o)?
-2
Let s = -19 + 9. Let c(i) = i**2 + 9*i - 10. Determine c(s).
0
Let n(c) = c + 3. Let i(q) = -q**2 + 23*q - 9. Let w be i(23). Determine n(w).
-6
Let t(s) = s**3 + 5*s**2 - 6*s + 2. Let k be t(-6). Let x(b) = 6 - 2*b**2 - 9*b**k + 12*b**2. What is x(0)?
6
Let y(z) = z. Let n be 1/2 - (-3)/(-6). Suppose -16 = -4*l - n*l. What is y(l)?
4
Let y(h) = 7*h**3 + 6*h**2 - 2*h - 3. Let n(f) = 6*f**3 + 6*f**2 - f - 2. Let a(d) = -6*n(d) + 5*y(d). Let z = -16 + 6. Let m be 4/z + 92/(-20). What is a(m)?
-8
Let b(h) be the first derivative of -2/3*h**3 - 1/2*h**2 + 1/4*h**4 - 4 - h. Determine b(2).
-3
Let a(r) = r**3 + r**2 + 1. Let g(x) = 10*x**3 + 5*x**2 - x + 5. Let n(t) = 4*a(t) - g(t). Let p be 22/18 - -1*4/(-18). Calculate n(p).
-7
Let v(h) = -h**2 - 13*h - 16. Let k be v(-11). Let d(q) = 2*q + 11. Let p(f) = -1. Let l(o) = k*p(o) + d(o). Calculate l(-5).
-5
Suppose 0 = 3*c, 2*c - 8 = -4*i - 2*c. Let z(f) = -f**3 + 2*f**3 - 8 - 2*f**3 + f - f**i + 7. Determine z(2).
-11
Suppose -z + 2*z - 1 = 0. Let h(i) = 7*i**3 + i**2. Calculate h(z).
8
Let t be 0/((2 + 0)*1). Let b(y) be the first derivative of -y**6/120 - y**3/2 - y**2 + 1. Let x(s) be the second derivative of b(s). What is x(t)?
-3
Suppose -2*b - b = 3*n - 12, -4*b = -4*n + 16. Suppose -2*u - 15 = -6*w + w, w + 5*u - 30 = 0. Let y(x) = 1 + w - 3 - x**2. What is y(b)?
3
Let t(f) = f**2 - 2. Let v be t(-2). Suppose -v*o + 6 = -o. Let u(b) = -b. Determine u(o).
-6
Let l(r) be the third derivative of r**6/120 + r**5/12 - r**4/8 + 5*r**3/6 - 26*r**2. Suppose 4*o + 17 = -7. Give l(o).
-13
Suppose 2*j + 5*o + 3 = 0, 0 = -2*j - 3*o - 0 - 1. Let w(s) = -15*s - 1. Determine w(j).
-16
Suppose 0 = j - c - 8, -36 = -4*j - 0*c + 5*c. Suppose 3*r = 6 - 0. Let m(q) = 5 - q + r*q + 0. Calculate m(j).
9
Let k be 1/(((-1)/(-4))/((-1)/4)). Let m(z) = 13*z + 1. Determine m(k).
-12
Let g(b) = -b + 9. Let d be g(4). Suppose -5 = -d*w - 15. Let t(z) be the first derivative of -z**4/4 - 2*z**3/3 + z**2/2 - 2. Give t(w).
-2
Suppose -3*b + 5 = -2*b. Let r(q) = q + 1. Let y(a) = -a**3 + 6*a**2 - 2*a + 8. Let u(p) = 3*r(p) - y(p). Calculate u(b).
-5
Let k(b) = -2*b + b + 3*b. Let m(g) = g**3 + 7*g**2 + 5*g - 7. Let d be m(-6). Calculate k(d).
-2
Let k(i) = -14*i - 11 + 33*i - 17*i + 1. Give k(7).
4
Let n(v) = 3*v + 3. Let p(j) = j - 1. Let r(z) = -n(z) + 2*p(z). Give r(-7).
2
Let f(o) = 2 + 3 + o + 1 - 3*o. What is f(5)?
-4
Let k(l) be the third derivative of -l**4/24 + 2*l**3 + 7*l**2. Calculate k(6).
6
Let l(p) be the first derivative of -p**3/3 + 3*p**2 + 4*p + 1. Give l(5).
9
Let b(f) = f**2 - 10*f - 11. Let x = -9 + 20. Let y be b(x). Let z(h) = 1 + 3*h - 5*h + y + 4*h + h**2. Give z(-3).
4
Let r(d) = -2*d - d**2 + d + 1 + 2*d**2. Let c = 24 - 24. Calculate r(c).
1
Let a(q) be the first derivative of 0*q**2 - 5/3*q**3 + 0*q + 1. Calculate a(1).
-5
Let a(f) = f + 18. Let h be a(-10). Let w(u) = -u + 4. Let b be w(h). Let y(d) = 6*d + 14. Let l(k) = -k - 1. Let o(z) = -5*l(z) - y(z). Give o(b).
-5
Let j = 3 + -7. Let f be 1/j + 19/(-4). Let n(k) = -k